{"id":1055,"date":"2024-04-24T15:20:19","date_gmt":"2024-04-24T13:20:19","guid":{"rendered":"https:\/\/www.abf.se\/goteborg\/?page_id=1055"},"modified":"2024-11-20T13:23:22","modified_gmt":"2024-11-20T12:23:22","slug":"anmalningsvillkor","status":"publish","type":"page","link":"https:\/\/www.abf.se\/vast\/anmalningsvillkor\/","title":{"rendered":"Anm\u00e4lningsvillkor"},"content":{"rendered":"<div\n    class=\"acf-hero-block container-lg no-padding mb-12 js-geolocation\"\n    data-block=\"hero-block\"\n    data-index=\"0\"\n>\n    <div class=\"h-[548px]  relative rounded-[32px] overflow-hidden flex bg-gray-light\">\n        <div class=\"relative z-10 mt-auto h-auto w-full md:h-full\">\n            <div class=\"flex w-full h-full flex-col flex-wrap justify-end w-full md:w-7\/12 lg:w-1\/2 md:justify-center\">\n                <div class=\"flex flex-col gap-3 md:gap-[18px] md:transparent pt-16 pb-36 md:py-8 px-4 w-full md:max-w-[620px] mx-auto px-8\">\n\n                    <h1 class=\"hero-heading hero-heading--red-text\"><span>Anm\u00e4lningsvillkor<\/span><\/h1>\n\n                    \n                                    <\/div>\n            <\/div>\n        <\/div>\n\n        \n\n                    <figure class=\"absolute bottom-0  md:w-1\/2 transform right-0 translate-x-10 md:translate-x-32\">\n                <img decoding=\"async\"\n                    alt=\"\"\n                    aria-hidden=\"true\"\n                    class=\"h-auto w-full\"\n                    role=\"presentation\"\n                    src=\"\/assets\/images\/two_circles_bottom.svg\"\n                >\n            <\/figure>\n            <\/div>\n\n    <\/div>\n\n<div\n    class=\"acf-article-text-block article-container my-12\"\n    data-block=\"article-text-block\"\n>\n    <div class=\"wysiwyg\">\n        <h3 class=\"article-preamble\">Det \u00e4r viktigt att du k\u00e4nner till villkoren som g\u00e4ller n\u00e4r du anm\u00e4ler dig till n\u00e5gon av kurserna i v\u00e5rt publika utbud, d\u00e4rf\u00f6r ber vi dig att noga l\u00e4sa igenom villkoren.<\/h3>\n<p>&nbsp;<\/p>\n<h3>Anm\u00e4lan<\/h3>\n<p class=\"article-body\" data-enhancer=\"articleBody\">Anm\u00e4lan till kurserna \u00e4r bindande. Sista anm\u00e4lningsdag till terminskurser \u00e4r f\u00f6r v\u00e5rterminen 31 januari och f\u00f6r h\u00f6stterminen 4 september, efter dessa datum tar vi emot din anm\u00e4lan i m\u00e5n av plats. Anm\u00e4lan till helgkurser och andra kortare kurser sker l\u00f6pande under terminen. F\u00f6r att anm\u00e4la dig p\u00e5 hemsidan beh\u00f6ver du ange en mejladress. Har du ingen eller inte vill fylla i den, \u00e4r du v\u00e4lkommen att anm\u00e4la dig via telefon ist\u00e4llet: 031-774 31 10.<\/p>\n<p data-enhancer=\"articleBody\">Vid f\u00f6r f\u00e5 anm\u00e4lningar till en kurs, f\u00f6rs\u00f6ker vi i f\u00f6rsta hand flytta fram kursstarten. Om deltagarantalet \u00e4nd\u00e5 \u00e4r f\u00f6r l\u00e5gt (i regel minimum 6 deltagare) m\u00e5ste vi st\u00e4lla in. D\u00e5 betalas hela kursavgiften tillbaka.<\/p>\n<h3>Studietimme<\/h3>\n<p>En studietimme \u00e4r 45 minuter. Alla timangivelser p\u00e5 hemsidan, i kurskatalogen och liknande avser alltid studietimmar.<\/p>\n<h3>Kursstart<\/h3>\n<p>Normal kursstart f\u00f6r v\u00e5rterminen \u00e4r vecka 6-8 och p\u00e5 h\u00f6stterminen vecka 36-39. Vi har \u00e4ven l\u00f6pande kursstarter under hela terminerna, s\u00e5 som korta kurser med senare start samt helgkurser.<\/p>\n<div>Det startdatum som anges p\u00e5 en kurs \u00e4r prelimin\u00e4rt. Kursen startar n\u00e4r det \u00e4r tillr\u00e4ckligt m\u00e5nga anm\u00e4lda deltagare.<\/div>\n<h3>Kallelse<\/h3>\n<div>Kallelse f\u00e5r du ungef\u00e4r en vecka innan kursstart. Kallelsen \u00e4r \u00e4ven din faktura och p\u00e5 den hittar du dina inbetalningsuppgifter.<\/div>\n<h3>Kursavgift<\/h3>\n<div>Om kursavgiften \u00f6verstiger 1 500 kronor kan du dela upp betalningen \u00f6ver tv\u00e5 m\u00e5nader. Detta meddelar du i samband med anm\u00e4lan.<\/div>\n<div>Du f\u00e5r 15 % rabatt p\u00e5 kursavgiften om du har en funktionsvariation och \u00e4r medlem i en handikappsorganisation, eller \u00e4r pension\u00e4r, student eller arbetss\u00f6kande. Rabatten g\u00e4ller inte danskurser hos World Dance Company. D\u00e4r g\u00e4ller ist\u00e4llet: G\u00e5r du tv\u00e5 eller fler danskurser f\u00e5r du 5 % rabatt p\u00e5 vardera kurs.\u00a0<strong>Meddela vid anm\u00e4lan om du ska ha del av n\u00e5gon rabatt s\u00e5 att summan p\u00e5 inbetalningskortet blir r\u00e4tt.\u00a0<\/strong>Kursbok och arbetsmaterial ing\u00e5r inte i kursavgifterna (om inte s\u00e5 anges).\u00a0Enligt kap. 3 11 \u00a7 punkt 5 i Merv\u00e4rdesskattelagen \u00e4r ABF momsbefriade.<\/div>\n<h3>Betalning<\/h3>\n<div>Betalning g\u00f6r du med hj\u00e4lp av inbetalningskortet som kommer med kallelsen.\u00a0<strong>Meddela vid anm\u00e4lan<\/strong>\u00a0om du ska ha del av n\u00e5gon rabatt s\u00e5 att summan p\u00e5 inbetalningskortet blir r\u00e4tt.<\/div>\n<h3>Avbokning<\/h3>\n<div>Vid avbokning g\u00e4ller \u00e5ngerr\u00e4tt enligt distansavtalet. Det inneb\u00e4r att du kan \u00e5ngra din anm\u00e4lan (till 031-774 31 10) 14 dagar efter att vi bekr\u00e4ftat din anm\u00e4lan.<\/div>\n<div>Avanm\u00e4lan g\u00e4ller fr\u00e5n det datum vi f\u00e5r meddelandet. Om du har p\u00e5b\u00f6rjat kursen f\u00f6rverkas din \u00e5ngerr\u00e4tt. \u00c5ngrar du dig minst en vecka innan kursen startat kan vi ta ut en avgift p\u00e5 150 kr, mindre \u00e4n en vecka f\u00f6re kursstart upp till halva avgiften, efter start hela avgiften. Undantagen \u00e4r t ex sjukdom styrkt med l\u00e4karintyg eller flytt till annan ort.<\/div>\n<div>Om vi m\u00e5ste st\u00e4lla in \u00e5terbetalas erlagd avgift. Om vi f\u00f6rskjuter starten mer \u00e4n en vecka eller byter dag\/tid har du r\u00e4tt att \u00e5ngra dig och d\u00e5 f\u00e5r du sj\u00e4lvklart tillbaka hela den avgift du betalat.<\/div>\n<h3>Personnummer<\/h3>\n<div>Personnummer \u00e4r en obligatorisk uppgift f\u00f6r v\u00e5r rapportering till Folkbildningsr\u00e5det. ABF behandlar dina personuppgifter dels f\u00f6r att kommunicera med och fullg\u00f6ra v\u00e5ra \u00e5taganden gentemot dig, dels f\u00f6r att tillgodose de krav som offentliga bidragsgivare st\u00e4ller.<\/div>\n<div>Den behandling av personuppgifter som \u00e4r n\u00f6dv\u00e4ndig f\u00f6r att ut\u00f6va utbildnings-, bildnings- och kulturverksamhet i enlighet med F\u00f6rordningen om statsbidrag till folkbildningen (2015:218) sker med st\u00f6d av den r\u00e4ttsliga grunden uppgift av allm\u00e4nt intresse i artikel 6.1 e i EU:s dataskyddsf\u00f6rordning.<br \/>\nVi \u00e4r skyldiga att lagra n\u00e4rvarolistor och kulturprogramrapporter, vilka inneh\u00e5ller personuppgifter, i sju \u00e5r enligt bokf\u00f6ringslagen (1999:1078). Vi raderar eller anonymiserar personuppgifter fr\u00e5n personer som inte deltagit i verksamhet p\u00e5 sju \u00e5r.<\/div>\n\n    <\/div>\n<\/div>\n","protected":false},"excerpt":{"rendered":"","protected":false},"author":23,"featured_media":0,"parent":0,"menu_order":0,"comment_status":"closed","ping_status":"closed","template":"","meta":{"_acf_changed":false,"footnotes":""},"class_list":["post-1055","page","type-page","status-publish","hentry"],"acf":[],"yoast_head":"<!-- This site is optimized with the Yoast SEO plugin v27.0 - https:\/\/yoast.com\/product\/yoast-seo-wordpress\/ -->\n<title>Anm\u00e4lningsvillkor - V\u00e4st<\/title>\n<meta name=\"robots\" content=\"index, follow, max-snippet:-1, max-image-preview:large, max-video-preview:-1\" \/>\n<link rel=\"canonical\" href=\"https:\/\/www.abf.se\/vast\/anmalningsvillkor\/\" \/>\n<meta property=\"og:locale\" content=\"sv_SE\" \/>\n<meta property=\"og:type\" content=\"article\" \/>\n<meta property=\"og:title\" content=\"Anm\u00e4lningsvillkor - V\u00e4st\" \/>\n<meta property=\"og:url\" content=\"https:\/\/www.abf.se\/vast\/anmalningsvillkor\/\" \/>\n<meta property=\"og:site_name\" content=\"V\u00e4st\" \/>\n<meta property=\"article:modified_time\" content=\"2024-11-20T12:23:22+00:00\" \/>\n<meta property=\"og:image\" content=\"https:\/\/www.abf.se\/wp-content\/uploads\/sites\/22\/2024\/04\/Nyckeln-liggande-scaled.jpg\" \/>\n\t<meta property=\"og:image:width\" content=\"2560\" \/>\n\t<meta property=\"og:image:height\" content=\"1440\" \/>\n\t<meta property=\"og:image:type\" content=\"image\/jpeg\" \/>\n<meta name=\"twitter:card\" content=\"summary_large_image\" \/>\n<script type=\"application\/ld+json\" class=\"yoast-schema-graph\">{\"@context\":\"https:\/\/schema.org\",\"@graph\":[{\"@type\":\"WebPage\",\"@id\":\"https:\/\/www.abf.se\/vast\/anmalningsvillkor\/\",\"url\":\"https:\/\/www.abf.se\/vast\/anmalningsvillkor\/\",\"name\":\"Anm\u00e4lningsvillkor - V\u00e4st\",\"isPartOf\":{\"@id\":\"https:\/\/www.abf.se\/vast\/#website\"},\"datePublished\":\"2024-04-24T13:20:19+00:00\",\"dateModified\":\"2024-11-20T12:23:22+00:00\",\"breadcrumb\":{\"@id\":\"https:\/\/www.abf.se\/vast\/anmalningsvillkor\/#breadcrumb\"},\"inLanguage\":\"sv-SE\",\"potentialAction\":[{\"@type\":\"ReadAction\",\"target\":[\"https:\/\/www.abf.se\/vast\/anmalningsvillkor\/\"]}]},{\"@type\":\"BreadcrumbList\",\"@id\":\"https:\/\/www.abf.se\/vast\/anmalningsvillkor\/#breadcrumb\",\"itemListElement\":[{\"@type\":\"ListItem\",\"position\":1,\"name\":\"Home\",\"item\":\"https:\/\/www.abf.se\/vast\/\"},{\"@type\":\"ListItem\",\"position\":2,\"name\":\"Anm\u00e4lningsvillkor\"}]},{\"@type\":\"WebSite\",\"@id\":\"https:\/\/www.abf.se\/vast\/#website\",\"url\":\"https:\/\/www.abf.se\/vast\/\",\"name\":\"V\u00e4st\",\"description\":\"\",\"potentialAction\":[{\"@type\":\"SearchAction\",\"target\":{\"@type\":\"EntryPoint\",\"urlTemplate\":\"https:\/\/www.abf.se\/vast\/?s={search_term_string}\"},\"query-input\":{\"@type\":\"PropertyValueSpecification\",\"valueRequired\":true,\"valueName\":\"search_term_string\"}}],\"inLanguage\":\"sv-SE\"}]}<\/script>\n<!-- \/ Yoast SEO plugin. -->","yoast_head_json":{"title":"Anm\u00e4lningsvillkor - V\u00e4st","robots":{"index":"index","follow":"follow","max-snippet":"max-snippet:-1","max-image-preview":"max-image-preview:large","max-video-preview":"max-video-preview:-1"},"canonical":"https:\/\/www.abf.se\/vast\/anmalningsvillkor\/","og_locale":"sv_SE","og_type":"article","og_title":"Anm\u00e4lningsvillkor - V\u00e4st","og_url":"https:\/\/www.abf.se\/vast\/anmalningsvillkor\/","og_site_name":"V\u00e4st","article_modified_time":"2024-11-20T12:23:22+00:00","og_image":[{"width":2560,"height":1440,"url":"https:\/\/www.abf.se\/wp-content\/uploads\/sites\/22\/2024\/04\/Nyckeln-liggande-scaled.jpg","type":"image\/jpeg"}],"twitter_card":"summary_large_image","schema":{"@context":"https:\/\/schema.org","@graph":[{"@type":"WebPage","@id":"https:\/\/www.abf.se\/vast\/anmalningsvillkor\/","url":"https:\/\/www.abf.se\/vast\/anmalningsvillkor\/","name":"Anm\u00e4lningsvillkor - V\u00e4st","isPartOf":{"@id":"https:\/\/www.abf.se\/vast\/#website"},"datePublished":"2024-04-24T13:20:19+00:00","dateModified":"2024-11-20T12:23:22+00:00","breadcrumb":{"@id":"https:\/\/www.abf.se\/vast\/anmalningsvillkor\/#breadcrumb"},"inLanguage":"sv-SE","potentialAction":[{"@type":"ReadAction","target":["https:\/\/www.abf.se\/vast\/anmalningsvillkor\/"]}]},{"@type":"BreadcrumbList","@id":"https:\/\/www.abf.se\/vast\/anmalningsvillkor\/#breadcrumb","itemListElement":[{"@type":"ListItem","position":1,"name":"Home","item":"https:\/\/www.abf.se\/vast\/"},{"@type":"ListItem","position":2,"name":"Anm\u00e4lningsvillkor"}]},{"@type":"WebSite","@id":"https:\/\/www.abf.se\/vast\/#website","url":"https:\/\/www.abf.se\/vast\/","name":"V\u00e4st","description":"","potentialAction":[{"@type":"SearchAction","target":{"@type":"EntryPoint","urlTemplate":"https:\/\/www.abf.se\/vast\/?s={search_term_string}"},"query-input":{"@type":"PropertyValueSpecification","valueRequired":true,"valueName":"search_term_string"}}],"inLanguage":"sv-SE"}]}},"_links":{"self":[{"href":"https:\/\/www.abf.se\/vast\/wp-json\/wp\/v2\/pages\/1055","targetHints":{"allow":["GET"]}}],"collection":[{"href":"https:\/\/www.abf.se\/vast\/wp-json\/wp\/v2\/pages"}],"about":[{"href":"https:\/\/www.abf.se\/vast\/wp-json\/wp\/v2\/types\/page"}],"author":[{"embeddable":true,"href":"https:\/\/www.abf.se\/vast\/wp-json\/wp\/v2\/users\/23"}],"replies":[{"embeddable":true,"href":"https:\/\/www.abf.se\/vast\/wp-json\/wp\/v2\/comments?post=1055"}],"version-history":[{"count":6,"href":"https:\/\/www.abf.se\/vast\/wp-json\/wp\/v2\/pages\/1055\/revisions"}],"predecessor-version":[{"id":1730,"href":"https:\/\/www.abf.se\/vast\/wp-json\/wp\/v2\/pages\/1055\/revisions\/1730"}],"wp:attachment":[{"href":"https:\/\/www.abf.se\/vast\/wp-json\/wp\/v2\/media?parent=1055"}],"curies":[{"name":"wp","href":"https:\/\/api.w.org\/{rel}","templated":true}]}}

Anmälningsvillkor

<div
    class="acf-hero-block container-lg no-padding mb-12 js-geolocation"
    data-block="hero-block"
    data-index="0"
>
    <div class="h-[548px]  relative rounded-[32px] overflow-hidden flex bg-gray-light">
        <div class="relative z-10 mt-auto h-auto w-full md:h-full">
            <div class="flex w-full h-full flex-col flex-wrap justify-end w-full md:w-7/12 lg:w-1/2 md:justify-center">
                <div class="flex flex-col gap-3 md:gap-[18px] md:transparent pt-16 pb-36 md:py-8 px-4 w-full md:max-w-[620px] mx-auto px-8">

                    <h1 class="hero-heading hero-heading--red-text"><span>Anmälningsvillkor</span></h1>

                    
                                    </div>
            </div>
        </div>

        

                    <figure class="absolute bottom-0  md:w-1/2 transform right-0 translate-x-10 md:translate-x-32">
                <img decoding="async"
                    alt=""
                    aria-hidden="true"
                    class="h-auto w-full"
                    role="presentation"
                    src="/assets/images/two_circles_bottom.svg"
                >
            </figure>
            </div>

    </div>

<div
    class="acf-article-text-block article-container my-12"
    data-block="article-text-block"
>
    <div class="wysiwyg">
        <h3 class="article-preamble">Det är viktigt att du känner till villkoren som gäller när du anmäler dig till någon av kurserna i vårt publika utbud, därför ber vi dig att noga läsa igenom villkoren.</h3>
<p>&nbsp;</p>
<h3>Anmälan</h3>
<p class="article-body" data-enhancer="articleBody">Anmälan till kurserna är bindande. Sista anmälningsdag till terminskurser är för vårterminen 31 januari och för höstterminen 4 september, efter dessa datum tar vi emot din anmälan i mån av plats. Anmälan till helgkurser och andra kortare kurser sker löpande under terminen. För att anmäla dig på hemsidan behöver du ange en mejladress. Har du ingen eller inte vill fylla i den, är du välkommen att anmäla dig via telefon istället: 031-774 31 10.</p>
<p data-enhancer="articleBody">Vid för få anmälningar till en kurs, försöker vi i första hand flytta fram kursstarten. Om deltagarantalet ändå är för lågt (i regel minimum 6 deltagare) måste vi ställa in. Då betalas hela kursavgiften tillbaka.</p>
<h3>Studietimme</h3>
<p>En studietimme är 45 minuter. Alla timangivelser på hemsidan, i kurskatalogen och liknande avser alltid studietimmar.</p>
<h3>Kursstart</h3>
<p>Normal kursstart för vårterminen är vecka 6-8 och på höstterminen vecka 36-39. Vi har även löpande kursstarter under hela terminerna, så som korta kurser med senare start samt helgkurser.</p>
<div>Det startdatum som anges på en kurs är preliminärt. Kursen startar när det är tillräckligt många anmälda deltagare.</div>
<h3>Kallelse</h3>
<div>Kallelse får du ungefär en vecka innan kursstart. Kallelsen är även din faktura och på den hittar du dina inbetalningsuppgifter.</div>
<h3>Kursavgift</h3>
<div>Om kursavgiften överstiger 1 500 kronor kan du dela upp betalningen över två månader. Detta meddelar du i samband med anmälan.</div>
<div>Du får 15 % rabatt på kursavgiften om du har en funktionsvariation och är medlem i en handikappsorganisation, eller är pensionär, student eller arbetssökande. Rabatten gäller inte danskurser hos World Dance Company. Där gäller istället: Går du två eller fler danskurser får du 5 % rabatt på vardera kurs. <strong>Meddela vid anmälan om du ska ha del av någon rabatt så att summan på inbetalningskortet blir rätt. </strong>Kursbok och arbetsmaterial ingår inte i kursavgifterna (om inte så anges). Enligt kap. 3 11 § punkt 5 i Mervärdesskattelagen är ABF momsbefriade.</div>
<h3>Betalning</h3>
<div>Betalning gör du med hjälp av inbetalningskortet som kommer med kallelsen. <strong>Meddela vid anmälan</strong> om du ska ha del av någon rabatt så att summan på inbetalningskortet blir rätt.</div>
<h3>Avbokning</h3>
<div>Vid avbokning gäller ångerrätt enligt distansavtalet. Det innebär att du kan ångra din anmälan (till 031-774 31 10) 14 dagar efter att vi bekräftat din anmälan.</div>
<div>Avanmälan gäller från det datum vi får meddelandet. Om du har påbörjat kursen förverkas din ångerrätt. Ångrar du dig minst en vecka innan kursen startat kan vi ta ut en avgift på 150 kr, mindre än en vecka före kursstart upp till halva avgiften, efter start hela avgiften. Undantagen är t ex sjukdom styrkt med läkarintyg eller flytt till annan ort.</div>
<div>Om vi måste ställa in återbetalas erlagd avgift. Om vi förskjuter starten mer än en vecka eller byter dag/tid har du rätt att ångra dig och då får du självklart tillbaka hela den avgift du betalat.</div>
<h3>Personnummer</h3>
<div>Personnummer är en obligatorisk uppgift för vår rapportering till Folkbildningsrådet. ABF behandlar dina personuppgifter dels för att kommunicera med och fullgöra våra åtaganden gentemot dig, dels för att tillgodose de krav som offentliga bidragsgivare ställer.</div>
<div>Den behandling av personuppgifter som är nödvändig för att utöva utbildnings-, bildnings- och kulturverksamhet i enlighet med Förordningen om statsbidrag till folkbildningen (2015:218) sker med stöd av den rättsliga grunden uppgift av allmänt intresse i artikel 6.1 e i EU:s dataskyddsförordning.<br />
Vi är skyldiga att lagra närvarolistor och kulturprogramrapporter, vilka innehåller personuppgifter, i sju år enligt bokföringslagen (1999:1078). Vi raderar eller anonymiserar personuppgifter från personer som inte deltagit i verksamhet på sju år.</div>

    </div>
</div>

<!-- This site is optimized with the Yoast SEO plugin v27.0 - https://yoast.com/product/yoast-seo-wordpress/ -->
<title>Anmälningsvillkor - Väst</title>
<meta name="robots" content="index, follow, max-snippet:-1, max-image-preview:large, max-video-preview:-1" />
<link rel="canonical" href="https://www.abf.se/vast/anmalningsvillkor/" />
<meta property="og:locale" content="sv_SE" />
<meta property="og:type" content="article" />
<meta property="og:title" content="Anmälningsvillkor - Väst" />
<meta property="og:url" content="https://www.abf.se/vast/anmalningsvillkor/" />
<meta property="og:site_name" content="Väst" />
<meta property="article:modified_time" content="2024-11-20T12:23:22+00:00" />
<meta property="og:image" content="https://www.abf.se/wp-content/uploads/sites/22/2024/04/Nyckeln-liggande-scaled.jpg" />
	<meta property="og:image:width" content="2560" />
	<meta property="og:image:height" content="1440" />
	<meta property="og:image:type" content="image/jpeg" />
<meta name="twitter:card" content="summary_large_image" />
<script type="application/ld+json" class="yoast-schema-graph">{"@context":"https://schema.org","@graph":[{"@type":"WebPage","@id":"https://www.abf.se/vast/anmalningsvillkor/","url":"https://www.abf.se/vast/anmalningsvillkor/","name":"Anmälningsvillkor - Väst","isPartOf":{"@id":"https://www.abf.se/vast/#website"},"datePublished":"2024-04-24T13:20:19+00:00","dateModified":"2024-11-20T12:23:22+00:00","breadcrumb":{"@id":"https://www.abf.se/vast/anmalningsvillkor/#breadcrumb"},"inLanguage":"sv-SE","potentialAction":[{"@type":"ReadAction","target":["https://www.abf.se/vast/anmalningsvillkor/"]}]},{"@type":"BreadcrumbList","@id":"https://www.abf.se/vast/anmalningsvillkor/#breadcrumb","itemListElement":[{"@type":"ListItem","position":1,"name":"Home","item":"https://www.abf.se/vast/"},{"@type":"ListItem","position":2,"name":"Anmälningsvillkor"}]},{"@type":"WebSite","@id":"https://www.abf.se/vast/#website","url":"https://www.abf.se/vast/","name":"Väst","description":"","potentialAction":[{"@type":"SearchAction","target":{"@type":"EntryPoint","urlTemplate":"https://www.abf.se/vast/?s={search_term_string}"},"query-input":{"@type":"PropertyValueSpecification","valueRequired":true,"valueName":"search_term_string"}}],"inLanguage":"sv-SE"}]}</script>
<!-- / Yoast SEO plugin. -->

Anmälningsvillkor - Väst

Väst
