{"id":508,"date":"2024-04-09T16:24:19","date_gmt":"2024-04-09T14:24:19","guid":{"rendered":"https:\/\/www.abf.se\/goteborg\/?page_id=508"},"modified":"2025-11-04T11:25:43","modified_gmt":"2025-11-04T10:25:43","slug":"vad-ar-en-studiecirkel","status":"publish","type":"page","link":"https:\/\/www.abf.se\/vast\/starta-egen-cirkel\/vad-ar-en-studiecirkel\/","title":{"rendered":"Checklista: Studiecirkel"},"content":{"rendered":"<div\n    class=\"acf-plain-heading-block container my-16\"\n    data-block=\"plain-heading-block\"\n>\n    <div class=\"max-w-[658px] mx-auto\">\n                <h1 class=\"hero-heading\"><span>Checklista<\/span><\/h1>\n                    <\/div>\n<\/div>\n<div\n    class=\"acf-article-text-block article-container my-12\"\n    data-block=\"article-text-block\"\n>\n    <div class=\"wysiwyg\">\n        <h2>Checklista f\u00f6r studiecirkel<\/h2>\n<ul>\n<li>Samla minst 3 personer<\/li>\n<li>Cirkeln ska p\u00e5g\u00e5 minst 3 tillf\u00e4llen<\/li>\n<li>Cirkeln ska vara minst 9 studietimmar sammanlagt (1 studietimme = 45 min)<\/li>\n<li>Utse n\u00e5gon som leder studiecirkeln<\/li>\n<\/ul>\n<h3>Det h\u00e4r hj\u00e4lper ABF V\u00e4st till med<\/h3>\n<p>Studiematerial<br \/>\nCirkelledarutbildningar<br \/>\nFunktions- och styrelseutbildningar<br \/>\nFolkbildningens pedagogik och metoder<br \/>\nTips och id\u00e9er f\u00f6r era folkbildande studier<br \/>\nLokaler<br \/>\nKontakter och n\u00e4tverk<br \/>\nM\u00f6jlighet till kostnadsers\u00e4ttning<br \/>\nF\u00f6rs\u00e4kringar f\u00f6r deltagare<br \/>\nTillg\u00e4nglighet<br \/>\nMarknadsf\u00f6ringsinsatser<\/p>\n<h3>Distanscirkel<\/h3>\n<p>Det g\u00e5r \u00e4ven bra att h\u00e5lla er studiecirkel p\u00e5 distans via n\u00e4tet! ABF V\u00e4st registrerar d\u00e5 er studiecirkel som en distanscirkel. Ni h\u00e5ller era tr\u00e4ffar via t. ex. Microsoft Teams eller Zoom.<\/p>\n<h3>M\u00e5l och arbetsplan<\/h3>\n<p>Ni ska utf\u00f6rligt beskriva m\u00e5let med studiecirkeln i er anm\u00e4lan. Vad vill ni l\u00e4ra er, och hur kommer ni att g\u00e5 tillv\u00e4ga f\u00f6r att l\u00e4ra er detta? Beskriv studiecirkelns uppl\u00e4gg, hur ni har t\u00e4nkt arbeta och vilket studiematerial ni ska anv\u00e4nda.<\/p>\n<p>Vilket studiematerial som anv\u00e4nds best\u00e4mmer ni sj\u00e4lva. Det kan vara en bok, youtubekanal, forskningsrapport eller ABFs egna studiematerial.<\/p>\n<h2>Cirkelledarens roll<\/h2>\n<p>Som cirkelledare \u00e4r du pedagog och inspirat\u00f6r. Du beh\u00f6ver inte kunna mest om \u00e4mnet, utan ska hj\u00e4lpa till att h\u00e5lla ihop cirkeln. ABF V\u00e4st utbildar dig i ledarskap, kommunikation och pedagogik.<\/p>\n<h3>Registrera n\u00e4rvaro<\/h3>\n<p>Cirkelledaren ska registrera deltagarnas n\u00e4rvaro i cirkeln. Fyll i n\u00e4rvaro i samband med varje tr\u00e4ff och signera n\u00e4r studiecirkelns alla tr\u00e4ffar \u00e4r klara.<\/p>\n<p>N\u00e4rvarolistan \u00e4r grunden f\u00f6r offentliga bidrag till studief\u00f6rbunden. Det \u00e4r d\u00e4rf\u00f6r studief\u00f6rbunden beh\u00f6ver deltagarnas personnummer och underskrift av ledaren.<\/p>\n<p>Du anv\u00e4nder e-tj\u00e4nsten <a href=\"https:\/\/arretjanst.abf.se\/\">https:\/\/arretjanst.abf.se\/<\/a>. Inloggningsuppgifter till e-tj\u00e4nsten skickas till din mail s\u00e5 snart vi har registrerat er studiecirkel och du har genomg\u00e5tt introduktionsutbildning.<\/p>\n\n    <\/div>\n<\/div>\n<div\n    class=\"acf-article-cta-link-block article-container my-8\"\n    data-block=\"article-cta-link-block\"\n>\n<div>\n    <a class=\"inline-flex flex-row items-center gap-4 text-link underline text-red-dark\"\n        href=\"https:\/\/arretjanst.abf.se\/\"\n                target=\"_blank\"\n            >\n        <span class=\"\">\n        Till e-tj\u00e4nsten\n        <\/span>\n        <figure aria-hidden=\"true\" class=\"rounded-full bg-red-dark w-8 h-8 p-1 text-white\">\n            <svg width=\"20\" height=\"20\" viewBox=\"0 0 20 20\" fill=\"none\" class=\"SvgIconElement\">\n<path d=\"M4.16659 10L15.8333 10\" stroke=\"currentColor\"\/>\n<path d=\"M9.99992 4.1665L15.8333 9.99984L9.99992 15.8332\" stroke=\"currentColor\"\/>\n<\/svg>\n        <\/figure>\n    <\/a>\n<\/div>\n<\/div>\n","protected":false},"excerpt":{"rendered":"","protected":false},"author":12,"featured_media":0,"parent":109,"menu_order":0,"comment_status":"closed","ping_status":"closed","template":"","meta":{"_acf_changed":false,"footnotes":""},"class_list":["post-508","page","type-page","status-publish","hentry"],"acf":[],"yoast_head":"<!-- This site is optimized with the Yoast SEO plugin v27.0 - https:\/\/yoast.com\/product\/yoast-seo-wordpress\/ -->\n<title>Checklista: Studiecirkel - V\u00e4st<\/title>\n<meta name=\"robots\" content=\"index, follow, max-snippet:-1, max-image-preview:large, max-video-preview:-1\" \/>\n<link rel=\"canonical\" href=\"https:\/\/www.abf.se\/vast\/starta-egen-cirkel\/vad-ar-en-studiecirkel\/\" \/>\n<meta property=\"og:locale\" content=\"sv_SE\" \/>\n<meta property=\"og:type\" content=\"article\" \/>\n<meta property=\"og:title\" content=\"Checklista: Studiecirkel - V\u00e4st\" \/>\n<meta property=\"og:url\" content=\"https:\/\/www.abf.se\/vast\/starta-egen-cirkel\/vad-ar-en-studiecirkel\/\" \/>\n<meta property=\"og:site_name\" content=\"V\u00e4st\" \/>\n<meta property=\"article:modified_time\" content=\"2025-11-04T10:25:43+00:00\" \/>\n<meta property=\"og:image\" content=\"https:\/\/www.abf.se\/wp-content\/uploads\/sites\/22\/2024\/04\/Nyckeln-liggande-scaled.jpg\" \/>\n\t<meta property=\"og:image:width\" content=\"2560\" \/>\n\t<meta property=\"og:image:height\" content=\"1440\" \/>\n\t<meta property=\"og:image:type\" content=\"image\/jpeg\" \/>\n<meta name=\"twitter:card\" content=\"summary_large_image\" \/>\n<script type=\"application\/ld+json\" class=\"yoast-schema-graph\">{\"@context\":\"https:\/\/schema.org\",\"@graph\":[{\"@type\":\"WebPage\",\"@id\":\"https:\/\/www.abf.se\/vast\/starta-egen-cirkel\/vad-ar-en-studiecirkel\/\",\"url\":\"https:\/\/www.abf.se\/vast\/starta-egen-cirkel\/vad-ar-en-studiecirkel\/\",\"name\":\"Checklista: Studiecirkel - V\u00e4st\",\"isPartOf\":{\"@id\":\"https:\/\/www.abf.se\/vast\/#website\"},\"datePublished\":\"2024-04-09T14:24:19+00:00\",\"dateModified\":\"2025-11-04T10:25:43+00:00\",\"breadcrumb\":{\"@id\":\"https:\/\/www.abf.se\/vast\/starta-egen-cirkel\/vad-ar-en-studiecirkel\/#breadcrumb\"},\"inLanguage\":\"sv-SE\",\"potentialAction\":[{\"@type\":\"ReadAction\",\"target\":[\"https:\/\/www.abf.se\/vast\/starta-egen-cirkel\/vad-ar-en-studiecirkel\/\"]}]},{\"@type\":\"BreadcrumbList\",\"@id\":\"https:\/\/www.abf.se\/vast\/starta-egen-cirkel\/vad-ar-en-studiecirkel\/#breadcrumb\",\"itemListElement\":[{\"@type\":\"ListItem\",\"position\":1,\"name\":\"Home\",\"item\":\"https:\/\/www.abf.se\/vast\/\"},{\"@type\":\"ListItem\",\"position\":2,\"name\":\"Starta egen cirkel\",\"item\":\"https:\/\/www.abf.se\/vast\/starta-egen-cirkel\/\"},{\"@type\":\"ListItem\",\"position\":3,\"name\":\"Checklista: Studiecirkel\"}]},{\"@type\":\"WebSite\",\"@id\":\"https:\/\/www.abf.se\/vast\/#website\",\"url\":\"https:\/\/www.abf.se\/vast\/\",\"name\":\"V\u00e4st\",\"description\":\"\",\"potentialAction\":[{\"@type\":\"SearchAction\",\"target\":{\"@type\":\"EntryPoint\",\"urlTemplate\":\"https:\/\/www.abf.se\/vast\/?s={search_term_string}\"},\"query-input\":{\"@type\":\"PropertyValueSpecification\",\"valueRequired\":true,\"valueName\":\"search_term_string\"}}],\"inLanguage\":\"sv-SE\"}]}<\/script>\n<!-- \/ Yoast SEO plugin. -->","yoast_head_json":{"title":"Checklista: Studiecirkel - V\u00e4st","robots":{"index":"index","follow":"follow","max-snippet":"max-snippet:-1","max-image-preview":"max-image-preview:large","max-video-preview":"max-video-preview:-1"},"canonical":"https:\/\/www.abf.se\/vast\/starta-egen-cirkel\/vad-ar-en-studiecirkel\/","og_locale":"sv_SE","og_type":"article","og_title":"Checklista: Studiecirkel - V\u00e4st","og_url":"https:\/\/www.abf.se\/vast\/starta-egen-cirkel\/vad-ar-en-studiecirkel\/","og_site_name":"V\u00e4st","article_modified_time":"2025-11-04T10:25:43+00:00","og_image":[{"width":2560,"height":1440,"url":"https:\/\/www.abf.se\/wp-content\/uploads\/sites\/22\/2024\/04\/Nyckeln-liggande-scaled.jpg","type":"image\/jpeg"}],"twitter_card":"summary_large_image","schema":{"@context":"https:\/\/schema.org","@graph":[{"@type":"WebPage","@id":"https:\/\/www.abf.se\/vast\/starta-egen-cirkel\/vad-ar-en-studiecirkel\/","url":"https:\/\/www.abf.se\/vast\/starta-egen-cirkel\/vad-ar-en-studiecirkel\/","name":"Checklista: Studiecirkel - V\u00e4st","isPartOf":{"@id":"https:\/\/www.abf.se\/vast\/#website"},"datePublished":"2024-04-09T14:24:19+00:00","dateModified":"2025-11-04T10:25:43+00:00","breadcrumb":{"@id":"https:\/\/www.abf.se\/vast\/starta-egen-cirkel\/vad-ar-en-studiecirkel\/#breadcrumb"},"inLanguage":"sv-SE","potentialAction":[{"@type":"ReadAction","target":["https:\/\/www.abf.se\/vast\/starta-egen-cirkel\/vad-ar-en-studiecirkel\/"]}]},{"@type":"BreadcrumbList","@id":"https:\/\/www.abf.se\/vast\/starta-egen-cirkel\/vad-ar-en-studiecirkel\/#breadcrumb","itemListElement":[{"@type":"ListItem","position":1,"name":"Home","item":"https:\/\/www.abf.se\/vast\/"},{"@type":"ListItem","position":2,"name":"Starta egen cirkel","item":"https:\/\/www.abf.se\/vast\/starta-egen-cirkel\/"},{"@type":"ListItem","position":3,"name":"Checklista: Studiecirkel"}]},{"@type":"WebSite","@id":"https:\/\/www.abf.se\/vast\/#website","url":"https:\/\/www.abf.se\/vast\/","name":"V\u00e4st","description":"","potentialAction":[{"@type":"SearchAction","target":{"@type":"EntryPoint","urlTemplate":"https:\/\/www.abf.se\/vast\/?s={search_term_string}"},"query-input":{"@type":"PropertyValueSpecification","valueRequired":true,"valueName":"search_term_string"}}],"inLanguage":"sv-SE"}]}},"_links":{"self":[{"href":"https:\/\/www.abf.se\/vast\/wp-json\/wp\/v2\/pages\/508","targetHints":{"allow":["GET"]}}],"collection":[{"href":"https:\/\/www.abf.se\/vast\/wp-json\/wp\/v2\/pages"}],"about":[{"href":"https:\/\/www.abf.se\/vast\/wp-json\/wp\/v2\/types\/page"}],"author":[{"embeddable":true,"href":"https:\/\/www.abf.se\/vast\/wp-json\/wp\/v2\/users\/12"}],"replies":[{"embeddable":true,"href":"https:\/\/www.abf.se\/vast\/wp-json\/wp\/v2\/comments?post=508"}],"version-history":[{"count":24,"href":"https:\/\/www.abf.se\/vast\/wp-json\/wp\/v2\/pages\/508\/revisions"}],"predecessor-version":[{"id":2353,"href":"https:\/\/www.abf.se\/vast\/wp-json\/wp\/v2\/pages\/508\/revisions\/2353"}],"up":[{"embeddable":true,"href":"https:\/\/www.abf.se\/vast\/wp-json\/wp\/v2\/pages\/109"}],"wp:attachment":[{"href":"https:\/\/www.abf.se\/vast\/wp-json\/wp\/v2\/media?parent=508"}],"curies":[{"name":"wp","href":"https:\/\/api.w.org\/{rel}","templated":true}]}}