{"id":846,"date":"2024-04-22T16:49:45","date_gmt":"2024-04-22T14:49:45","guid":{"rendered":"https:\/\/www.abf.se\/goteborg\/?page_id=846"},"modified":"2026-03-04T16:05:25","modified_gmt":"2026-03-04T15:05:25","slug":"lediga-tjanster-abf-vast","status":"publish","type":"page","link":"https:\/\/www.abf.se\/vast\/lediga-tjanster-abf-vast\/","title":{"rendered":"Lediga tj\u00e4nster ABF V\u00e4st"},"content":{"rendered":"<div\n    class=\"acf-plain-heading-block container my-16\"\n    data-block=\"plain-heading-block\"\n>\n    <div class=\"max-w-[658px] mx-auto\">\n                <h1 class=\"hero-heading\"><span>Lediga tj\u00e4nster hos<br \/>\r\nABF V\u00e4st<\/span><\/h1>\n                    <\/div>\n<\/div>\n<div\n    class=\"acf-article-text-block article-container my-12\"\n    data-block=\"article-text-block\"\n>\n    <div class=\"wysiwyg\">\n        <p>Tyv\u00e4rr har vi f\u00f6r n\u00e4rvarande inga lediga tj\u00e4nster.<\/p>\n\n    <\/div>\n<\/div>\n<div\n    class=\"acf-article-text-block article-container my-12\"\n    data-block=\"article-text-block\"\n>\n    <div class=\"wysiwyg\">\n        \n    <\/div>\n<\/div>\n<div\n    class=\"acf-section-breaker-text my-8 container-lg\"\n    data-block=\"section-breaker-text\"\n>\n    <div class=\"round-corners-lg overflow-hidden pt-36 pb-8 px-5 md:p-16 relative grid grid-cols-1 md:grid-cols-2 lg:grid-cols-5 grid-flow-col-dense\">\n\n            <picture class=\"as-background-image\"><img decoding=\"async\" src=\"https:\/\/www.abf.se\/vast\/resized\/?url=https%3A%2F%2Fwww.abf.se%2Fwp-content%2Fuploads%2F2023%2F11%2FKreativitet-liggande_IMGP.jpg&#038;fit=crop&#038;w=1440&#038;s=8305f3a8f83aae27d765e51fd1213eef\" srcset=\"https:\/\/www.abf.se\/vast\/resized\/?url=https%3A%2F%2Fwww.abf.se%2Fwp-content%2Fuploads%2F2023%2F11%2FKreativitet-liggande_IMGP.jpg&#038;fit=crop&#038;w=375&#038;h=540&#038;s=bc1501d0d85851e7fcba9334ca3d5f2d 375w, https:\/\/www.abf.se\/vast\/resized\/?url=https%3A%2F%2Fwww.abf.se%2Fwp-content%2Fuploads%2F2023%2F11%2FKreativitet-liggande_IMGP.jpg&#038;fit=crop&#038;w=499&#038;h=540&#038;s=19c4979979735da7b5c009576b32ffa2 499w, https:\/\/www.abf.se\/vast\/resized\/?url=https%3A%2F%2Fwww.abf.se%2Fwp-content%2Fuploads%2F2023%2F11%2FKreativitet-liggande_IMGP.jpg&#038;fit=crop&#038;w=623&#038;h=540&#038;s=8380151c780e7f18f52e2264524d1fbc 623w, https:\/\/www.abf.se\/vast\/resized\/?url=https%3A%2F%2Fwww.abf.se%2Fwp-content%2Fuploads%2F2023%2F11%2FKreativitet-liggande_IMGP.jpg&#038;fit=crop&#038;w=747&#038;h=540&#038;s=ae0bde3f6e490d4ea9eb0d5ffd56da91 747w, https:\/\/www.abf.se\/vast\/resized\/?url=https%3A%2F%2Fwww.abf.se%2Fwp-content%2Fuploads%2F2023%2F11%2FKreativitet-liggande_IMGP.jpg&#038;fit=crop&#038;w=750&#038;h=540&#038;s=d44428e9eaccea48c7d0a07b8fc04bda 750w, https:\/\/www.abf.se\/vast\/resized\/?url=https%3A%2F%2Fwww.abf.se%2Fwp-content%2Fuploads%2F2023%2F11%2FKreativitet-liggande_IMGP.jpg&#038;fit=crop&#038;w=871&#038;h=540&#038;s=c0fec5d8ae96b9f711e29d27bada3436 871w, https:\/\/www.abf.se\/vast\/resized\/?url=https%3A%2F%2Fwww.abf.se%2Fwp-content%2Fuploads%2F2023%2F11%2FKreativitet-liggande_IMGP.jpg&#038;fit=crop&#038;w=995&#038;h=540&#038;s=3d74fb1afd1525335e98e30bbaee0e07 995w, https:\/\/www.abf.se\/vast\/resized\/?url=https%3A%2F%2Fwww.abf.se%2Fwp-content%2Fuploads%2F2023%2F11%2FKreativitet-liggande_IMGP.jpg&#038;fit=crop&#038;w=998&#038;h=540&#038;s=7a781707c14428ea81402d6a131a9841 998w, https:\/\/www.abf.se\/vast\/resized\/?url=https%3A%2F%2Fwww.abf.se%2Fwp-content%2Fuploads%2F2023%2F11%2FKreativitet-liggande_IMGP.jpg&#038;fit=crop&#038;w=1119&#038;h=540&#038;s=3fe15421f4a8b9018d1b903b1c01647d 1119w, https:\/\/www.abf.se\/vast\/resized\/?url=https%3A%2F%2Fwww.abf.se%2Fwp-content%2Fuploads%2F2023%2F11%2FKreativitet-liggande_IMGP.jpg&#038;fit=crop&#038;w=1243&#038;h=540&#038;s=a5edbbbceee92594d4b7f5852ac8a498 1243w, https:\/\/www.abf.se\/vast\/resized\/?url=https%3A%2F%2Fwww.abf.se%2Fwp-content%2Fuploads%2F2023%2F11%2FKreativitet-liggande_IMGP.jpg&#038;fit=crop&#038;w=1246&#038;h=540&#038;s=02f9554c76877aed54d328f223542420 1246w, https:\/\/www.abf.se\/vast\/resized\/?url=https%3A%2F%2Fwww.abf.se%2Fwp-content%2Fuploads%2F2023%2F11%2FKreativitet-liggande_IMGP.jpg&#038;fit=crop&#038;w=1367&#038;h=540&#038;s=110ead4db03aeba58436b8db7f29425b 1367w, https:\/\/www.abf.se\/vast\/resized\/?url=https%3A%2F%2Fwww.abf.se%2Fwp-content%2Fuploads%2F2023%2F11%2FKreativitet-liggande_IMGP.jpg&#038;fit=crop&#038;w=1440&#038;h=540&#038;s=f4c0d4a6d6790019a60b4d0dda0dea6f 1440w, https:\/\/www.abf.se\/vast\/resized\/?url=https%3A%2F%2Fwww.abf.se%2Fwp-content%2Fuploads%2F2023%2F11%2FKreativitet-liggande_IMGP.jpg&#038;fit=crop&#038;w=1494&#038;h=540&#038;s=b24a7fb2255dce4f0efa3f52585c73f7 1494w, https:\/\/www.abf.se\/vast\/resized\/?url=https%3A%2F%2Fwww.abf.se%2Fwp-content%2Fuploads%2F2023%2F11%2FKreativitet-liggande_IMGP.jpg&#038;fit=crop&#038;w=1742&#038;h=540&#038;s=f1b08e1721fcd873a9070bd756ade4e7 1742w, https:\/\/www.abf.se\/vast\/resized\/?url=https%3A%2F%2Fwww.abf.se%2Fwp-content%2Fuploads%2F2023%2F11%2FKreativitet-liggande_IMGP.jpg&#038;fit=crop&#038;w=1990&#038;h=540&#038;s=7909dc9c40713dd889a0aa3573c1fd05 1990w, https:\/\/www.abf.se\/vast\/resized\/?url=https%3A%2F%2Fwww.abf.se%2Fwp-content%2Fuploads%2F2023%2F11%2FKreativitet-liggande_IMGP.jpg&#038;fit=crop&#038;w=2238&#038;h=540&#038;s=8987ce33c53cde28c4197814e92096e1 2238w, https:\/\/www.abf.se\/vast\/resized\/?url=https%3A%2F%2Fwww.abf.se%2Fwp-content%2Fuploads%2F2023%2F11%2FKreativitet-liggande_IMGP.jpg&#038;fit=crop&#038;w=2486&#038;h=540&#038;s=a062ef238f73ef08e3ef248b48e235de 2486w, https:\/\/www.abf.se\/vast\/resized\/?url=https%3A%2F%2Fwww.abf.se%2Fwp-content%2Fuploads%2F2023%2F11%2FKreativitet-liggande_IMGP.jpg&#038;fit=crop&#038;w=2734&#038;h=540&#038;s=d8aaf631e453c5364bcce7c8e9fd6b8f 2734w\" alt=\"\" height=\"540\" width=\"1440\" sizes=\"auto, \n            (max-width: 1440px) calc(100vw - 32px), 1440px\" loading=\"lazy\" fetchpriority=\"low\" aria-hidden=\"true\" role=\"presentation\" \/><\/picture>\n                <div class=\"bg-white round-corners-sm px-10 py-11 col-span-1  relative z-10 col-start-4 col-end-[-1]\">\n            <h2 class=\"heading-lg mb-4\">Bli kursledare<\/h2>\n            <div style=\"font-size: 1.25rem; color: black;\" class=\"body-xl wysiwyg\"><p>Brinner du f\u00f6r ett \u00e4mne och vill l\u00e4ra ut det till andra?<\/p>\n<\/div>\n                                            <a href='https:\/\/forms.office.com\/pages\/responsepage.aspx?id=wFwFk5ly40uJZxzPObTyd_LCrjLvHMFNglac46xQwv9UQTBJQzhWRlJOT0RCNENYVUVCRTNFTEsxUS4u' class=\"default-button mt-8\" target=\"_blank\">L\u00e4mna en intresseanm\u00e4lan<\/a>\n                    \n        <\/div>\n    <\/div>\n<\/div>\n","protected":false},"excerpt":{"rendered":"","protected":false},"author":12,"featured_media":0,"parent":0,"menu_order":0,"comment_status":"closed","ping_status":"closed","template":"","meta":{"_acf_changed":false,"footnotes":""},"class_list":["post-846","page","type-page","status-publish","hentry"],"acf":[],"yoast_head":"<!-- This site is optimized with the Yoast SEO plugin v27.0 - https:\/\/yoast.com\/product\/yoast-seo-wordpress\/ -->\n<title>Lediga tj\u00e4nster ABF V\u00e4st - V\u00e4st<\/title>\n<meta name=\"description\" content=\"H\u00e4r hittas de lediga tj\u00e4nster som finns just nu hos ABF G\u00f6teborg. Finns det inga annonserade \u00e4 du alltid v\u00e4lkommen med en spontanans\u00f6kan!\" \/>\n<meta name=\"robots\" content=\"index, follow, max-snippet:-1, max-image-preview:large, max-video-preview:-1\" \/>\n<link rel=\"canonical\" href=\"https:\/\/www.abf.se\/vast\/lediga-tjanster-abf-vast\/\" \/>\n<meta property=\"og:locale\" content=\"sv_SE\" \/>\n<meta property=\"og:type\" content=\"article\" \/>\n<meta property=\"og:title\" content=\"Lediga tj\u00e4nster ABF V\u00e4st - V\u00e4st\" \/>\n<meta property=\"og:description\" content=\"H\u00e4r hittas de lediga tj\u00e4nster som finns just nu hos ABF G\u00f6teborg. Finns det inga annonserade \u00e4 du alltid v\u00e4lkommen med en spontanans\u00f6kan!\" \/>\n<meta property=\"og:url\" content=\"https:\/\/www.abf.se\/vast\/lediga-tjanster-abf-vast\/\" \/>\n<meta property=\"og:site_name\" content=\"V\u00e4st\" \/>\n<meta property=\"article:modified_time\" content=\"2026-03-04T15:05:25+00:00\" \/>\n<meta property=\"og:image\" content=\"https:\/\/www.abf.se\/wp-content\/uploads\/sites\/22\/2024\/04\/Nyckeln-liggande-scaled.jpg\" \/>\n\t<meta property=\"og:image:width\" content=\"2560\" \/>\n\t<meta property=\"og:image:height\" content=\"1440\" \/>\n\t<meta property=\"og:image:type\" content=\"image\/jpeg\" \/>\n<meta name=\"twitter:card\" content=\"summary_large_image\" \/>\n<script type=\"application\/ld+json\" class=\"yoast-schema-graph\">{\"@context\":\"https:\/\/schema.org\",\"@graph\":[{\"@type\":\"WebPage\",\"@id\":\"https:\/\/www.abf.se\/vast\/lediga-tjanster-abf-vast\/\",\"url\":\"https:\/\/www.abf.se\/vast\/lediga-tjanster-abf-vast\/\",\"name\":\"Lediga tj\u00e4nster ABF V\u00e4st - V\u00e4st\",\"isPartOf\":{\"@id\":\"https:\/\/www.abf.se\/vast\/#website\"},\"datePublished\":\"2024-04-22T14:49:45+00:00\",\"dateModified\":\"2026-03-04T15:05:25+00:00\",\"description\":\"H\u00e4r hittas de lediga tj\u00e4nster som finns just nu hos ABF G\u00f6teborg. Finns det inga annonserade \u00e4 du alltid v\u00e4lkommen med en spontanans\u00f6kan!\",\"breadcrumb\":{\"@id\":\"https:\/\/www.abf.se\/vast\/lediga-tjanster-abf-vast\/#breadcrumb\"},\"inLanguage\":\"sv-SE\",\"potentialAction\":[{\"@type\":\"ReadAction\",\"target\":[\"https:\/\/www.abf.se\/vast\/lediga-tjanster-abf-vast\/\"]}]},{\"@type\":\"BreadcrumbList\",\"@id\":\"https:\/\/www.abf.se\/vast\/lediga-tjanster-abf-vast\/#breadcrumb\",\"itemListElement\":[{\"@type\":\"ListItem\",\"position\":1,\"name\":\"Home\",\"item\":\"https:\/\/www.abf.se\/vast\/\"},{\"@type\":\"ListItem\",\"position\":2,\"name\":\"Lediga tj\u00e4nster ABF V\u00e4st\"}]},{\"@type\":\"WebSite\",\"@id\":\"https:\/\/www.abf.se\/vast\/#website\",\"url\":\"https:\/\/www.abf.se\/vast\/\",\"name\":\"V\u00e4st\",\"description\":\"\",\"potentialAction\":[{\"@type\":\"SearchAction\",\"target\":{\"@type\":\"EntryPoint\",\"urlTemplate\":\"https:\/\/www.abf.se\/vast\/?s={search_term_string}\"},\"query-input\":{\"@type\":\"PropertyValueSpecification\",\"valueRequired\":true,\"valueName\":\"search_term_string\"}}],\"inLanguage\":\"sv-SE\"}]}<\/script>\n<!-- \/ Yoast SEO plugin. -->","yoast_head_json":{"title":"Lediga tj\u00e4nster ABF V\u00e4st - V\u00e4st","description":"H\u00e4r hittas de lediga tj\u00e4nster som finns just nu hos ABF G\u00f6teborg. Finns det inga annonserade \u00e4 du alltid v\u00e4lkommen med en spontanans\u00f6kan!","robots":{"index":"index","follow":"follow","max-snippet":"max-snippet:-1","max-image-preview":"max-image-preview:large","max-video-preview":"max-video-preview:-1"},"canonical":"https:\/\/www.abf.se\/vast\/lediga-tjanster-abf-vast\/","og_locale":"sv_SE","og_type":"article","og_title":"Lediga tj\u00e4nster ABF V\u00e4st - V\u00e4st","og_description":"H\u00e4r hittas de lediga tj\u00e4nster som finns just nu hos ABF G\u00f6teborg. Finns det inga annonserade \u00e4 du alltid v\u00e4lkommen med en spontanans\u00f6kan!","og_url":"https:\/\/www.abf.se\/vast\/lediga-tjanster-abf-vast\/","og_site_name":"V\u00e4st","article_modified_time":"2026-03-04T15:05:25+00:00","og_image":[{"width":2560,"height":1440,"url":"https:\/\/www.abf.se\/wp-content\/uploads\/sites\/22\/2024\/04\/Nyckeln-liggande-scaled.jpg","type":"image\/jpeg"}],"twitter_card":"summary_large_image","schema":{"@context":"https:\/\/schema.org","@graph":[{"@type":"WebPage","@id":"https:\/\/www.abf.se\/vast\/lediga-tjanster-abf-vast\/","url":"https:\/\/www.abf.se\/vast\/lediga-tjanster-abf-vast\/","name":"Lediga tj\u00e4nster ABF V\u00e4st - V\u00e4st","isPartOf":{"@id":"https:\/\/www.abf.se\/vast\/#website"},"datePublished":"2024-04-22T14:49:45+00:00","dateModified":"2026-03-04T15:05:25+00:00","description":"H\u00e4r hittas de lediga tj\u00e4nster som finns just nu hos ABF G\u00f6teborg. Finns det inga annonserade \u00e4 du alltid v\u00e4lkommen med en spontanans\u00f6kan!","breadcrumb":{"@id":"https:\/\/www.abf.se\/vast\/lediga-tjanster-abf-vast\/#breadcrumb"},"inLanguage":"sv-SE","potentialAction":[{"@type":"ReadAction","target":["https:\/\/www.abf.se\/vast\/lediga-tjanster-abf-vast\/"]}]},{"@type":"BreadcrumbList","@id":"https:\/\/www.abf.se\/vast\/lediga-tjanster-abf-vast\/#breadcrumb","itemListElement":[{"@type":"ListItem","position":1,"name":"Home","item":"https:\/\/www.abf.se\/vast\/"},{"@type":"ListItem","position":2,"name":"Lediga tj\u00e4nster ABF V\u00e4st"}]},{"@type":"WebSite","@id":"https:\/\/www.abf.se\/vast\/#website","url":"https:\/\/www.abf.se\/vast\/","name":"V\u00e4st","description":"","potentialAction":[{"@type":"SearchAction","target":{"@type":"EntryPoint","urlTemplate":"https:\/\/www.abf.se\/vast\/?s={search_term_string}"},"query-input":{"@type":"PropertyValueSpecification","valueRequired":true,"valueName":"search_term_string"}}],"inLanguage":"sv-SE"}]}},"_links":{"self":[{"href":"https:\/\/www.abf.se\/vast\/wp-json\/wp\/v2\/pages\/846","targetHints":{"allow":["GET"]}}],"collection":[{"href":"https:\/\/www.abf.se\/vast\/wp-json\/wp\/v2\/pages"}],"about":[{"href":"https:\/\/www.abf.se\/vast\/wp-json\/wp\/v2\/types\/page"}],"author":[{"embeddable":true,"href":"https:\/\/www.abf.se\/vast\/wp-json\/wp\/v2\/users\/12"}],"replies":[{"embeddable":true,"href":"https:\/\/www.abf.se\/vast\/wp-json\/wp\/v2\/comments?post=846"}],"version-history":[{"count":27,"href":"https:\/\/www.abf.se\/vast\/wp-json\/wp\/v2\/pages\/846\/revisions"}],"predecessor-version":[{"id":2973,"href":"https:\/\/www.abf.se\/vast\/wp-json\/wp\/v2\/pages\/846\/revisions\/2973"}],"wp:attachment":[{"href":"https:\/\/www.abf.se\/vast\/wp-json\/wp\/v2\/media?parent=846"}],"curies":[{"name":"wp","href":"https:\/\/api.w.org\/{rel}","templated":true}]}}