{"id":1260,"date":"2026-01-28T10:38:50","date_gmt":"2026-01-28T09:38:50","guid":{"rendered":"https:\/\/www.abf.se\/vasternorrland\/?page_id=1260"},"modified":"2026-01-28T11:40:27","modified_gmt":"2026-01-28T10:40:27","slug":"erik-petra-tanker-hogt","status":"publish","type":"page","link":"https:\/\/www.abf.se\/vasternorrland\/erik-petra-tanker-hogt\/","title":{"rendered":"Erik &amp; Petra t\u00e4nker h\u00f6gt"},"content":{"rendered":"<div\n    class=\"acf-article-text-block article-container my-12\"\n    data-block=\"article-text-block\"\n>\n    <div class=\"wysiwyg\">\n        <h2><span data-teams=\"true\">Erik &amp; Petra t\u00e4nker h\u00f6gt<\/span><\/h2>\n\n    <\/div>\n<\/div>\n<div\n    class=\"acf-article-text-block article-container my-12\"\n    data-block=\"article-text-block\"\n>\n    <div class=\"wysiwyg\">\n        <blockquote>\n<h3><span data-teams=\"true\">Allt b\u00f6rjar med en tanke, en id\u00e9 och ett samtal &#8211; tillsammans kan vi f\u00e5 engagemang att gro<\/span><\/h3>\n<\/blockquote>\n\n    <\/div>\n<\/div>\n<div\n    class=\"acf-text-image-block container my-12 md:my-15\"\n    data-block=\"text-image-block\"\n>\n    <div\n    class=\"flex flex-col items-center md:flex-row gap-8 md:gap-0 justify-between\">\n                        <div class=\"w-full md:w-1\/2 md:order-2\">\n            <picture><img decoding=\"async\" src=\"https:\/\/www.abf.se\/vasternorrland\/resized\/?url=https%3A%2F%2Fwww.abf.se%2Fwp-content%2Fuploads%2Fsites%2F56%2F2026%2F01%2FErik-och-Petra.png&#038;fit=crop&#038;w=578&#038;s=9b2b6db1428c920d74e7c184ff7db054\" srcset=\"https:\/\/www.abf.se\/vasternorrland\/resized\/?url=https%3A%2F%2Fwww.abf.se%2Fwp-content%2Fuploads%2Fsites%2F56%2F2026%2F01%2FErik-och-Petra.png&#038;fit=crop&#038;w=144&#038;h=126&#038;s=1f7daff3f49e2cfd0d5791849293128a 144w, https:\/\/www.abf.se\/vasternorrland\/resized\/?url=https%3A%2F%2Fwww.abf.se%2Fwp-content%2Fuploads%2Fsites%2F56%2F2026%2F01%2FErik-och-Petra.png&#038;fit=crop&#038;w=240&#038;h=211&#038;s=2a8ba712407b7c20d0f8b03096856681 240w, https:\/\/www.abf.se\/vasternorrland\/resized\/?url=https%3A%2F%2Fwww.abf.se%2Fwp-content%2Fuploads%2Fsites%2F56%2F2026%2F01%2FErik-och-Petra.png&#038;fit=crop&#038;w=288&#038;h=253&#038;s=b082dafa08716ce44c2720e9c1a00e0e 288w, https:\/\/www.abf.se\/vasternorrland\/resized\/?url=https%3A%2F%2Fwww.abf.se%2Fwp-content%2Fuploads%2Fsites%2F56%2F2026%2F01%2FErik-och-Petra.png&#038;fit=crop&#038;w=336&#038;h=295&#038;s=cce4571e5d249d38539a11fda82b3194 336w, https:\/\/www.abf.se\/vasternorrland\/resized\/?url=https%3A%2F%2Fwww.abf.se%2Fwp-content%2Fuploads%2Fsites%2F56%2F2026%2F01%2FErik-och-Petra.png&#038;fit=crop&#038;w=432&#038;h=380&#038;s=a3cd0592d5759a48deafa520a397a899 432w, https:\/\/www.abf.se\/vasternorrland\/resized\/?url=https%3A%2F%2Fwww.abf.se%2Fwp-content%2Fuploads%2Fsites%2F56%2F2026%2F01%2FErik-och-Petra.png&#038;fit=crop&#038;w=480&#038;h=422&#038;s=825dd9d32bc1018080aae92889bb2a40 480w, https:\/\/www.abf.se\/vasternorrland\/resized\/?url=https%3A%2F%2Fwww.abf.se%2Fwp-content%2Fuploads%2Fsites%2F56%2F2026%2F01%2FErik-och-Petra.png&#038;fit=crop&#038;w=528&#038;h=464&#038;s=a79b62002a0498d3c2e7cb58a4146b72 528w, https:\/\/www.abf.se\/vasternorrland\/resized\/?url=https%3A%2F%2Fwww.abf.se%2Fwp-content%2Fuploads%2Fsites%2F56%2F2026%2F01%2FErik-och-Petra.png&#038;fit=crop&#038;w=578&#038;h=509&#038;s=d4c5dd312cab5340ef1481997f987abf 578w, https:\/\/www.abf.se\/vasternorrland\/resized\/?url=https%3A%2F%2Fwww.abf.se%2Fwp-content%2Fuploads%2Fsites%2F56%2F2026%2F01%2FErik-och-Petra.png&#038;fit=crop&#038;w=672&#038;h=591&#038;s=fc1aa3a8268471894008e115741dde1e 672w, https:\/\/www.abf.se\/vasternorrland\/resized\/?url=https%3A%2F%2Fwww.abf.se%2Fwp-content%2Fuploads%2Fsites%2F56%2F2026%2F01%2FErik-och-Petra.png&#038;fit=crop&#038;w=864&#038;h=760&#038;s=cdacc13ed8a96cca23d9920d1359ac60 864w, https:\/\/www.abf.se\/vasternorrland\/resized\/?url=https%3A%2F%2Fwww.abf.se%2Fwp-content%2Fuploads%2Fsites%2F56%2F2026%2F01%2FErik-och-Petra.png&#038;fit=crop&#038;w=1056&#038;h=929&#038;s=86c70ad8836b24df308771e3500b03cd 1056w\" alt=\"Eriks och Petra t&auml;nker h&ouml;gt, ABF V&auml;sternorrland\" height=\"509\" width=\"578\" sizes=\"auto, (max-width: 768px) 100vw,\n                (max-width: 1280px) 50vw, 578px\" loading=\"lazy\" fetchpriority=\"low\" \/><\/picture>\n\n        <\/div>\n        \n        <div class=\"w-full md:w-1\/2 md:order-1\">\n        <div class=\"mx-auto md:max-w-[368px]\">\n            <h2 class=\"heading-lg\"><\/h2>\n            <div class=\"mb-6 mt-4 wysiwyg\">\n                <p><strong>Fyra samtal \u2013 ett varje kvartal<br \/>\n<\/strong>Mars \u2022 Juni \u2022 Oktober \u2022 December<\/p>\n<p>Fyra g\u00e5nger om \u00e5ret m\u00f6ts Erik och Petra i ett samtal om folkbildning, v\u00e4rlden och ber\u00e4ttelserna som formar v\u00e5r tid. Varje avsnitt bjuder p\u00e5 podd- och boktips, reflektioner och samtal som v\u00e4cker tankar \u2014 perfekt f\u00f6r dig som vill starta en ny studiecirkel eller inspirera din f\u00f6rening.<\/p>\n<p>Oavsett om du arbetar som folkbildare, cirkelledare eller bara \u00e4r nyfiken p\u00e5 v\u00e4rlden \u2013 h\u00e4r hittar du id\u00e9er att ta vidare i ditt engagemang.<\/p>\n\n            <\/div>\n                    <\/div>\n        <\/div>\n    <\/div>\n<\/div>","protected":false},"excerpt":{"rendered":"","protected":false},"author":121,"featured_media":0,"parent":0,"menu_order":0,"comment_status":"closed","ping_status":"closed","template":"","meta":{"_acf_changed":false,"footnotes":""},"class_list":["post-1260","page","type-page","status-publish","hentry"],"acf":[],"yoast_head":"<!-- This site is optimized with the Yoast SEO plugin v27.0 - https:\/\/yoast.com\/product\/yoast-seo-wordpress\/ -->\n<title>Erik &amp; Petra t\u00e4nker h\u00f6gt - V\u00e4sternorrland<\/title>\n<meta name=\"robots\" content=\"index, follow, max-snippet:-1, max-image-preview:large, max-video-preview:-1\" \/>\n<link rel=\"canonical\" href=\"https:\/\/www.abf.se\/vasternorrland\/erik-petra-tanker-hogt\/\" \/>\n<meta property=\"og:locale\" content=\"sv_SE\" \/>\n<meta property=\"og:type\" content=\"article\" \/>\n<meta property=\"og:title\" content=\"Erik &amp; Petra t\u00e4nker h\u00f6gt - V\u00e4sternorrland\" \/>\n<meta property=\"og:url\" content=\"https:\/\/www.abf.se\/vasternorrland\/erik-petra-tanker-hogt\/\" \/>\n<meta property=\"og:site_name\" content=\"V\u00e4sternorrland\" \/>\n<meta property=\"article:modified_time\" content=\"2026-01-28T10:40:27+00:00\" \/>\n<meta property=\"og:image\" content=\"https:\/\/www.abf.se\/wp-content\/uploads\/sites\/56\/2024\/04\/Nyckeln-liggande-scaled.jpg\" \/>\n\t<meta property=\"og:image:width\" content=\"2560\" \/>\n\t<meta property=\"og:image:height\" content=\"1440\" \/>\n\t<meta property=\"og:image:type\" content=\"image\/jpeg\" \/>\n<meta name=\"twitter:card\" content=\"summary_large_image\" \/>\n<script type=\"application\/ld+json\" class=\"yoast-schema-graph\">{\"@context\":\"https:\/\/schema.org\",\"@graph\":[{\"@type\":\"WebPage\",\"@id\":\"https:\/\/www.abf.se\/vasternorrland\/erik-petra-tanker-hogt\/\",\"url\":\"https:\/\/www.abf.se\/vasternorrland\/erik-petra-tanker-hogt\/\",\"name\":\"Erik &amp; Petra t\u00e4nker h\u00f6gt - V\u00e4sternorrland\",\"isPartOf\":{\"@id\":\"https:\/\/www.abf.se\/vasternorrland\/#website\"},\"datePublished\":\"2026-01-28T09:38:50+00:00\",\"dateModified\":\"2026-01-28T10:40:27+00:00\",\"breadcrumb\":{\"@id\":\"https:\/\/www.abf.se\/vasternorrland\/erik-petra-tanker-hogt\/#breadcrumb\"},\"inLanguage\":\"sv-SE\",\"potentialAction\":[{\"@type\":\"ReadAction\",\"target\":[\"https:\/\/www.abf.se\/vasternorrland\/erik-petra-tanker-hogt\/\"]}]},{\"@type\":\"BreadcrumbList\",\"@id\":\"https:\/\/www.abf.se\/vasternorrland\/erik-petra-tanker-hogt\/#breadcrumb\",\"itemListElement\":[{\"@type\":\"ListItem\",\"position\":1,\"name\":\"Home\",\"item\":\"https:\/\/www.abf.se\/vasternorrland\/\"},{\"@type\":\"ListItem\",\"position\":2,\"name\":\"Erik &amp; Petra t\u00e4nker h\u00f6gt\"}]},{\"@type\":\"WebSite\",\"@id\":\"https:\/\/www.abf.se\/vasternorrland\/#website\",\"url\":\"https:\/\/www.abf.se\/vasternorrland\/\",\"name\":\"V\u00e4sternorrland\",\"description\":\"\",\"potentialAction\":[{\"@type\":\"SearchAction\",\"target\":{\"@type\":\"EntryPoint\",\"urlTemplate\":\"https:\/\/www.abf.se\/vasternorrland\/?s={search_term_string}\"},\"query-input\":{\"@type\":\"PropertyValueSpecification\",\"valueRequired\":true,\"valueName\":\"search_term_string\"}}],\"inLanguage\":\"sv-SE\"}]}<\/script>\n<!-- \/ Yoast SEO plugin. -->","yoast_head_json":{"title":"Erik &amp; Petra t\u00e4nker h\u00f6gt - V\u00e4sternorrland","robots":{"index":"index","follow":"follow","max-snippet":"max-snippet:-1","max-image-preview":"max-image-preview:large","max-video-preview":"max-video-preview:-1"},"canonical":"https:\/\/www.abf.se\/vasternorrland\/erik-petra-tanker-hogt\/","og_locale":"sv_SE","og_type":"article","og_title":"Erik &amp; Petra t\u00e4nker h\u00f6gt - V\u00e4sternorrland","og_url":"https:\/\/www.abf.se\/vasternorrland\/erik-petra-tanker-hogt\/","og_site_name":"V\u00e4sternorrland","article_modified_time":"2026-01-28T10:40:27+00:00","og_image":[{"width":2560,"height":1440,"url":"https:\/\/www.abf.se\/wp-content\/uploads\/sites\/56\/2024\/04\/Nyckeln-liggande-scaled.jpg","type":"image\/jpeg"}],"twitter_card":"summary_large_image","schema":{"@context":"https:\/\/schema.org","@graph":[{"@type":"WebPage","@id":"https:\/\/www.abf.se\/vasternorrland\/erik-petra-tanker-hogt\/","url":"https:\/\/www.abf.se\/vasternorrland\/erik-petra-tanker-hogt\/","name":"Erik &amp; Petra t\u00e4nker h\u00f6gt - V\u00e4sternorrland","isPartOf":{"@id":"https:\/\/www.abf.se\/vasternorrland\/#website"},"datePublished":"2026-01-28T09:38:50+00:00","dateModified":"2026-01-28T10:40:27+00:00","breadcrumb":{"@id":"https:\/\/www.abf.se\/vasternorrland\/erik-petra-tanker-hogt\/#breadcrumb"},"inLanguage":"sv-SE","potentialAction":[{"@type":"ReadAction","target":["https:\/\/www.abf.se\/vasternorrland\/erik-petra-tanker-hogt\/"]}]},{"@type":"BreadcrumbList","@id":"https:\/\/www.abf.se\/vasternorrland\/erik-petra-tanker-hogt\/#breadcrumb","itemListElement":[{"@type":"ListItem","position":1,"name":"Home","item":"https:\/\/www.abf.se\/vasternorrland\/"},{"@type":"ListItem","position":2,"name":"Erik &amp; Petra t\u00e4nker h\u00f6gt"}]},{"@type":"WebSite","@id":"https:\/\/www.abf.se\/vasternorrland\/#website","url":"https:\/\/www.abf.se\/vasternorrland\/","name":"V\u00e4sternorrland","description":"","potentialAction":[{"@type":"SearchAction","target":{"@type":"EntryPoint","urlTemplate":"https:\/\/www.abf.se\/vasternorrland\/?s={search_term_string}"},"query-input":{"@type":"PropertyValueSpecification","valueRequired":true,"valueName":"search_term_string"}}],"inLanguage":"sv-SE"}]}},"_links":{"self":[{"href":"https:\/\/www.abf.se\/vasternorrland\/wp-json\/wp\/v2\/pages\/1260","targetHints":{"allow":["GET"]}}],"collection":[{"href":"https:\/\/www.abf.se\/vasternorrland\/wp-json\/wp\/v2\/pages"}],"about":[{"href":"https:\/\/www.abf.se\/vasternorrland\/wp-json\/wp\/v2\/types\/page"}],"author":[{"embeddable":true,"href":"https:\/\/www.abf.se\/vasternorrland\/wp-json\/wp\/v2\/users\/121"}],"replies":[{"embeddable":true,"href":"https:\/\/www.abf.se\/vasternorrland\/wp-json\/wp\/v2\/comments?post=1260"}],"version-history":[{"count":8,"href":"https:\/\/www.abf.se\/vasternorrland\/wp-json\/wp\/v2\/pages\/1260\/revisions"}],"predecessor-version":[{"id":1292,"href":"https:\/\/www.abf.se\/vasternorrland\/wp-json\/wp\/v2\/pages\/1260\/revisions\/1292"}],"wp:attachment":[{"href":"https:\/\/www.abf.se\/vasternorrland\/wp-json\/wp\/v2\/media?parent=1260"}],"curies":[{"name":"wp","href":"https:\/\/api.w.org\/{rel}","templated":true}]}}

Erik &amp; Petra tänker högt

<div
    class="acf-article-text-block article-container my-12"
    data-block="article-text-block"
>
    <div class="wysiwyg">
        <h2><span data-teams="true">Erik &amp; Petra tänker högt</span></h2>

    </div>
</div>
<div
    class="acf-article-text-block article-container my-12"
    data-block="article-text-block"
>
    <div class="wysiwyg">
        <blockquote>
<h3><span data-teams="true">Allt börjar med en tanke, en idé och ett samtal &#8211; tillsammans kan vi få engagemang att gro</span></h3>
</blockquote>

    </div>
</div>
<div
    class="acf-text-image-block container my-12 md:my-15"
    data-block="text-image-block"
>
    <div
    class="flex flex-col items-center md:flex-row gap-8 md:gap-0 justify-between">
                        <div class="w-full md:w-1/2 md:order-2">
            <picture><img decoding="async" src="https://www.abf.se/vasternorrland/resized/?url=https%3A%2F%2Fwww.abf.se%2Fwp-content%2Fuploads%2Fsites%2F56%2F2026%2F01%2FErik-och-Petra.png&#038;fit=crop&#038;w=578&#038;s=9b2b6db1428c920d74e7c184ff7db054" srcset="https://www.abf.se/vasternorrland/resized/?url=https%3A%2F%2Fwww.abf.se%2Fwp-content%2Fuploads%2Fsites%2F56%2F2026%2F01%2FErik-och-Petra.png&#038;fit=crop&#038;w=144&#038;h=126&#038;s=1f7daff3f49e2cfd0d5791849293128a 144w, https://www.abf.se/vasternorrland/resized/?url=https%3A%2F%2Fwww.abf.se%2Fwp-content%2Fuploads%2Fsites%2F56%2F2026%2F01%2FErik-och-Petra.png&#038;fit=crop&#038;w=240&#038;h=211&#038;s=2a8ba712407b7c20d0f8b03096856681 240w, https://www.abf.se/vasternorrland/resized/?url=https%3A%2F%2Fwww.abf.se%2Fwp-content%2Fuploads%2Fsites%2F56%2F2026%2F01%2FErik-och-Petra.png&#038;fit=crop&#038;w=288&#038;h=253&#038;s=b082dafa08716ce44c2720e9c1a00e0e 288w, https://www.abf.se/vasternorrland/resized/?url=https%3A%2F%2Fwww.abf.se%2Fwp-content%2Fuploads%2Fsites%2F56%2F2026%2F01%2FErik-och-Petra.png&#038;fit=crop&#038;w=336&#038;h=295&#038;s=cce4571e5d249d38539a11fda82b3194 336w, https://www.abf.se/vasternorrland/resized/?url=https%3A%2F%2Fwww.abf.se%2Fwp-content%2Fuploads%2Fsites%2F56%2F2026%2F01%2FErik-och-Petra.png&#038;fit=crop&#038;w=432&#038;h=380&#038;s=a3cd0592d5759a48deafa520a397a899 432w, https://www.abf.se/vasternorrland/resized/?url=https%3A%2F%2Fwww.abf.se%2Fwp-content%2Fuploads%2Fsites%2F56%2F2026%2F01%2FErik-och-Petra.png&#038;fit=crop&#038;w=480&#038;h=422&#038;s=825dd9d32bc1018080aae92889bb2a40 480w, https://www.abf.se/vasternorrland/resized/?url=https%3A%2F%2Fwww.abf.se%2Fwp-content%2Fuploads%2Fsites%2F56%2F2026%2F01%2FErik-och-Petra.png&#038;fit=crop&#038;w=528&#038;h=464&#038;s=a79b62002a0498d3c2e7cb58a4146b72 528w, https://www.abf.se/vasternorrland/resized/?url=https%3A%2F%2Fwww.abf.se%2Fwp-content%2Fuploads%2Fsites%2F56%2F2026%2F01%2FErik-och-Petra.png&#038;fit=crop&#038;w=578&#038;h=509&#038;s=d4c5dd312cab5340ef1481997f987abf 578w, https://www.abf.se/vasternorrland/resized/?url=https%3A%2F%2Fwww.abf.se%2Fwp-content%2Fuploads%2Fsites%2F56%2F2026%2F01%2FErik-och-Petra.png&#038;fit=crop&#038;w=672&#038;h=591&#038;s=fc1aa3a8268471894008e115741dde1e 672w, https://www.abf.se/vasternorrland/resized/?url=https%3A%2F%2Fwww.abf.se%2Fwp-content%2Fuploads%2Fsites%2F56%2F2026%2F01%2FErik-och-Petra.png&#038;fit=crop&#038;w=864&#038;h=760&#038;s=cdacc13ed8a96cca23d9920d1359ac60 864w, https://www.abf.se/vasternorrland/resized/?url=https%3A%2F%2Fwww.abf.se%2Fwp-content%2Fuploads%2Fsites%2F56%2F2026%2F01%2FErik-och-Petra.png&#038;fit=crop&#038;w=1056&#038;h=929&#038;s=86c70ad8836b24df308771e3500b03cd 1056w" alt="Eriks och Petra t&auml;nker h&ouml;gt, ABF V&auml;sternorrland" height="509" width="578" sizes="auto, (max-width: 768px) 100vw,
                (max-width: 1280px) 50vw, 578px" loading="lazy" fetchpriority="low" /></picture>

        </div>
        
        <div class="w-full md:w-1/2 md:order-1">
        <div class="mx-auto md:max-w-[368px]">
            <h2 class="heading-lg"></h2>
            <div class="mb-6 mt-4 wysiwyg">
                <p><strong>Fyra samtal – ett varje kvartal<br />
</strong>Mars • Juni • Oktober • December</p>
<p>Fyra gånger om året möts Erik och Petra i ett samtal om folkbildning, världen och berättelserna som formar vår tid. Varje avsnitt bjuder på podd- och boktips, reflektioner och samtal som väcker tankar — perfekt för dig som vill starta en ny studiecirkel eller inspirera din förening.</p>
<p>Oavsett om du arbetar som folkbildare, cirkelledare eller bara är nyfiken på världen – här hittar du idéer att ta vidare i ditt engagemang.</p>

            </div>
                    </div>
        </div>
    </div>
</div>

<!-- This site is optimized with the Yoast SEO plugin v27.0 - https://yoast.com/product/yoast-seo-wordpress/ -->
<title>Erik &amp; Petra tänker högt - Västernorrland</title>
<meta name="robots" content="index, follow, max-snippet:-1, max-image-preview:large, max-video-preview:-1" />
<link rel="canonical" href="https://www.abf.se/vasternorrland/erik-petra-tanker-hogt/" />
<meta property="og:locale" content="sv_SE" />
<meta property="og:type" content="article" />
<meta property="og:title" content="Erik &amp; Petra tänker högt - Västernorrland" />
<meta property="og:url" content="https://www.abf.se/vasternorrland/erik-petra-tanker-hogt/" />
<meta property="og:site_name" content="Västernorrland" />
<meta property="article:modified_time" content="2026-01-28T10:40:27+00:00" />
<meta property="og:image" content="https://www.abf.se/wp-content/uploads/sites/56/2024/04/Nyckeln-liggande-scaled.jpg" />
	<meta property="og:image:width" content="2560" />
	<meta property="og:image:height" content="1440" />
	<meta property="og:image:type" content="image/jpeg" />
<meta name="twitter:card" content="summary_large_image" />
<script type="application/ld+json" class="yoast-schema-graph">{"@context":"https://schema.org","@graph":[{"@type":"WebPage","@id":"https://www.abf.se/vasternorrland/erik-petra-tanker-hogt/","url":"https://www.abf.se/vasternorrland/erik-petra-tanker-hogt/","name":"Erik &amp; Petra tänker högt - Västernorrland","isPartOf":{"@id":"https://www.abf.se/vasternorrland/#website"},"datePublished":"2026-01-28T09:38:50+00:00","dateModified":"2026-01-28T10:40:27+00:00","breadcrumb":{"@id":"https://www.abf.se/vasternorrland/erik-petra-tanker-hogt/#breadcrumb"},"inLanguage":"sv-SE","potentialAction":[{"@type":"ReadAction","target":["https://www.abf.se/vasternorrland/erik-petra-tanker-hogt/"]}]},{"@type":"BreadcrumbList","@id":"https://www.abf.se/vasternorrland/erik-petra-tanker-hogt/#breadcrumb","itemListElement":[{"@type":"ListItem","position":1,"name":"Home","item":"https://www.abf.se/vasternorrland/"},{"@type":"ListItem","position":2,"name":"Erik &amp; Petra tänker högt"}]},{"@type":"WebSite","@id":"https://www.abf.se/vasternorrland/#website","url":"https://www.abf.se/vasternorrland/","name":"Västernorrland","description":"","potentialAction":[{"@type":"SearchAction","target":{"@type":"EntryPoint","urlTemplate":"https://www.abf.se/vasternorrland/?s={search_term_string}"},"query-input":{"@type":"PropertyValueSpecification","valueRequired":true,"valueName":"search_term_string"}}],"inLanguage":"sv-SE"}]}</script>
<!-- / Yoast SEO plugin. -->

Erik &amp; Petra tänker högt - Västernorrland

Västernorrland
